6*j**2 - 4*j**2 + 1. Give s(d).
8
Let g(z) = z**2 - 28*z + 27. Let d be g(27). Let a(c) be the second derivative of 2*c**2 - 1/12*c**4 + 2*c - 5/6*c**3 + d. What is a(-6)?
-2
Let o be (6/(-3))/((-4)/10). Let b(u) = -2*u**2 + 8*u - 4. What is b(o)?
-14
Let u be (2 - 2*3/(-3)) + -5. Let s(c) = 3 + 4*c**2 + 0 - 2. Calculate s(u).
5
Let s(w) = w**3 + 2*w**2 + w. Let g be (-1 - -14*1) + -3. Suppose 0 = -3*y - 2*y - g. Determine s(y).
-2
Let s(v) = -v**2 + 4*v + 3. Let l be s(4). Let t be 1 - 0 - 15/l. Let q be (6/t)/((-3)/4). Let f(z) = -3*z. Determine f(q).
-6
Let f(o) be the second derivative of -1/24*o**4 + 0 + 0*o**2 - 1/60*o**5 - 1/2*o**3 + o. Let l(k) be the second derivative of f(k). Give l(-2).
3
Let l(x) be the first derivative of x**4/4 + 4*x**3/3 - 2*x**2 - 3*x - 15. Calculate l(-5).
-8
Let z(y) = -7*y**3 - y. Suppose -2 = -p - j + 6, 4*j + 3 = 3*p. Suppose -k + 0*k + 4*m - 17 = 0, -3*k - 2*m = -p. Determine z(k).
8
Let v(y) = 2*y - 2*y - 13 - y. Let j(g) = -35. Let q(h) = h + 71. Let w(p) = 5*j(p) + 3*q(p). Let t(c) = -17*v(c) - 6*w(c). Give t(-4).
-3
Let f(y) = y**2 + 6*y - 1. Suppose -5*g + 48 = -g. Let k = 7 - g. Calculate f(k).
-6
Let m(r) = 5*r**3 + 2*r**2 - 5*r. Let d(h) = 14*h**3 + 5*h**2 - 14*h. Let q(c) = 6*d(c) - 17*m(c). Let n be q(-4). Let x(g) = -g + 4. What is x(n)?
8
Suppose -2*l = -21 + 9. Suppose 4*s = 2*s - l. Let b(u) = -5*u**3 + 8*u**2 - u + 1. Let v(r) = r**3 - r**2. Let m(g) = b(g) + 6*v(g). Determine m(s).
-5
Suppose -f - 3*f + 76 = 0. Let c(v) = v - 2*v + 18 - f + 2*v. What is c(4)?
3
Let v(d) = -3*d + 4. Let z(s) = -4*s + 3. Let t(l) = -3*v(l) + 2*z(l). What is t(5)?
-1
Let i(s) be the third derivative of -s**5/60 - s**4/24 - s**3/3 - 4*s**2. Let v be (2/1)/((-2)/(-2)). Let k be v/6 - 2/6. Give i(k).
-2
Let m = 0 - 6. Let j(f) = -6*f**2 + 4 + 2*f**2 - 7*f + 3*f**2. Determine j(m).
10
Let s(t) = 5*t**2 + 5*t + 8. Let m(h) = 6*h**2 + 5*h + 9. Let k(v) = 4*m(v) - 5*s(v). Give k(-7).
-18
Let t(u) = u - 11. Let h be t(8). Let k = 7 + h. Let r(j) = -5*j**2 + k*j**2 + 6 + 2*j**2 + 6*j. Determine r(-4).
-2
Let g = -4 + 4. Let y(q) = -4*q**2 - q**3 + 1 + g*q + q - 2*q. Determine y(-4).
5
Let o(g) = g + 1. Suppose 36 = -4*a + 4. Suppose 0 = -2*z - 3*j + 19, z + 2*j - 2 = 5*z. Let v be (a/(-12))/(z/3). Determine o(v).
2
Let s(b) = b**3 + 1. Let m(v) = 5*v**3 - v**2 + 3*v + 5. Let l = 4 - 5. Let a be -10 + 2 + 3 + l. Let y(i) = a*s(i) + m(i). Give y(2).
-7
Let s(u) = 2*u**2 + u + 0 + 0 - u**3 + 4. Let j(t) = -t**3 + 4*t**2 + t + 7. Let b(v) = 3*j(v) - 5*s(v). Determine b(1).
3
Let b(w) = -w**2 - 4*w - 2. Suppose -3*c + 0*c = -75. Suppose 2*o + 3*o - c = 0. Suppose 0 = 4*f + f + o, -4*m + 4*f - 12 = 0. Give b(m).
-2
Let u(a) = 2*a - 3 - 2 + 4. Suppose -2*n = -3 + 1. Let z be 3/((3/4)/n). Determine u(z).
7
Suppose 0 = 2*i + 22 - 24. Let f(j) be the first derivative of 9*j**4/4 - j**2 + j + 2. Give f(i).
8
Let g(a) = a + 1. Let m(w) = w - 8. Let x be m(-9). Let d(k) = 3*k + 3. Let p(s) = x*g(s) + 6*d(s). Determine p(1).
2
Suppose 3*b = 1 + 5. Let a be ((-5)/10)/(1/b). Let h(p) = 8*p. Give h(a).
-8
Let s = 74 + -71. Let x(j) = -j**2 + 3*j - 4. What is x(s)?
-4
Let g(c) = 7*c**2 + c - 1. Let o = 21 - 23. Give g(o).
25
Let u(d) be the second derivative of d**3/6 + 13*d**2/2 - 15*d. Give u(-8).
5
Let m(i) = -i**3 - 3*i**2 + 5*i + 1. Suppose 8 = -3*s + 3*d - 22, 4*s + d = -15. Let a be (-34)/8 + s/(-20). Calculate m(a).
-3
Let b(d) be the first derivative of -d**4/4 - 2*d**3 + 3*d**2 - 6*d + 2. Give b(-7).
1
Let g = 29 + -33. Let a(m) = m**3 + 3*m**2 - 4*m + 5. Calculate a(g).
5
Let d be -2*((-1)/3)/(14/(-63)). Let c(m) = m**2 + 5*m + 2. Determine c(d).
-4
Let u(c) = -c**3 - c**2 - 1. Let d(z) = -2*z**3 - 2*z**2 + 4*z - 1. Let p(w) = d(w) - u(w). Suppose 20 = 5*k - 5. Let m = k - 8. Give p(m).
6
Let w = -8 + 10. Suppose 0 - w = -2*b. Let k(y) = y - y + y - b + y**2. What is k(2)?
5
Let w(k) = k + 13. Let i be w(-9). Let t = -3 + 4. Let m(o) = o**3 + t + 2*o - 2*o - 3*o**2 - 3*o. What is m(i)?
5
Let u(h) = -h**2 - 6*h - 1. Let i(z) = -z**2 - 7*z - 2. Let m(k) = -4*i(k) + 5*u(k). Determine m(2).
-5
Let g(x) = -x**3 + x**2. Let t(w) = -w - 2. Let r be t(-5). Suppose -2*h - h = -r, -h = -4*p + 7. Suppose 6*q = p*q. What is g(q)?
0
Let q(l) be the third derivative of -l**6/120 - l**5/60 + l**4/8 - l**3/3 - l**2. Give q(2).
-8
Let u(r) = -r**3 - 10*r**2 - 8*r + 3. Suppose -3*k = -k - o + 21, -2*k - 9 = 3*o. Give u(k).
-6
Suppose -5*m = 4*l - 0 - 20, 0 = -3*l + 3*m - 12. Suppose 2*o + 2*q = -l + 4, 5*q - 8 = -4*o. Let h(d) = -2*d**2 + d. What is h(o)?
-6
Suppose 3*r - 4*r - 5*f - 4 = 0, 2*f - 3 = -5*r. Let l(o) be the third derivative of o**4/4 + o**3/6 + o**2. Determine l(r).
7
Let f(t) = t**2 + 4*t - 4. Suppose -4*i - 35 + 11 = 0. Calculate f(i).
8
Let l(q) be the first derivative of 7*q**4/24 - q**3/6 - 2*q**2 + 10. Let v(i) be the second derivative of l(i). What is v(1)?
6
Suppose -4*w = -16 + 4. Let o(z) = -4 + z**3 + 4*z**2 + 3*z - w*z - 2*z. Give o(-4).
4
Let u be (-3 + 2)*(-2 + 3). Let s(r) be the third derivative of -r**4/6 - r**3/6 - r**2. What is s(u)?
3
Let y(a) = -a**3 - a**2 + a + 8. Let h(b) = b**2 + 3*b. Let o(w) = 2*w**3 - 4*w**2 + 3*w. Let i be o(2). Suppose -9 = i*q - 3*q. Let x be h(q). Determine y(x).
8
Let i(z) be the first derivative of -2*z**3/3 - z**2 + z - 7. Calculate i(1).
-3
Let x = -3 + 1. Let z(l) = l**3 + 2*l**2 + 4*l + 2. Determine z(x).
-6
Let t = -145 + 148. Let y(u) = u**2 - 2*u - 2. Calculate y(t).
1
Let m(x) = -x**2 + 2. Let g be m(0). Suppose -5*z - 20 = 0, 18 = g*k + k - 3*z. Let q(l) = l**3 - l**2 + 2. What is q(k)?
6
Let s(r) = r**2 + r - 1. Let m be s(2). Let z(n) = n**2 - 4*n + 1. Give z(m).
6
Let z(v) = 4*v**3 + v - 1. Let s be (-16)/6*6/(-4). Suppose 6 = -a - 5*f - 13, 0 = -4*a - s*f - 12. What is z(a)?
4
Suppose -5 = 3*i + 2*l + 2, 0 = 4*i + 2*l + 6. Let z = -1 + i. Let u(y) = z*y - 2*y + y - y**2. What is u(-2)?
-2
Let d(p) = 2*p**3 + p**2 + 2. Suppose -4*v = -8 - 4. Let f(b) = -7*b**3 + 2*b**3 - 5 + 0*b**3 - 3*b**2. Let c(u) = v*f(u) + 8*d(u). Determine c(0).
1
Let o(i) = 6*i**2 - 1. Suppose -q + 0 = -4. Let a(w) = -3 + q - w**3 - w + 0*w**2 + 6 + 6*w**2. Let f be a(6). Give o(f).
5
Let q(d) = 3*d + 1. Let u = -2 - 1. Let n be q(u). Let h = -13 - n. Let w(x) = -x**3 - 5*x**2 + 2*x + 5. Give w(h).
-5
Let t = 1 - -2. Suppose -t*s = 4*x - s + 18, 4*x - 3*s = 7. Let r(l) = 2*l**3 + 2*l**2 - 2*l. Let u be r(x). Let j(y) = y - 2. Give j(u).
-6
Let v be ((-1)/(-3))/(4/60). Let d(i) be the first derivative of -2 + 1/3*i**3 - 2*i**2 - 5*i. What is d(v)?
0
Let b(w) = -7*w**3 + 2*w**2 + 2*w + 1. Let z be 1/((-15)/13 - 4/(-26)). Determine b(z).
8
Let u(f) = -f - 7. Let q(i) = i**3 - 2*i**2 + 3*i - 1. Let n be q(2). Suppose 8 = -n*o - 17. Calculate u(o).
-2
Let s(q) = -q**2 + q + 4. Suppose -23*x = -13*x + 40. Give s(x).
-16
Let i(g) = g - 5. Let o(s) = -s + 1. Let q(j) = -i(j) - 2*o(j). Let d be q(0). Let n(h) = h**3 - 2*h**2 - 3*h. What is n(d)?
0
Let u(n) be the second derivative of -1/3*n**3 - n + 0 + 3*n**2. Give u(4).
-2
Let l(f) be the first derivative of -3*f**3 + f**2/2 + f - 14. What is l(-1)?
-9
Let q(v) = -v + v - v**2. Let w(u) = 3*u**2 - 5*u - 5. Let y(m) = -2*q(m) - w(m). Let s be (20/(-16))/(1/(-4)). What is y(s)?
5
Suppose -3 = y, q + 3*y = -0*y - 7. Let h(k) = k + q*k + 3*k. Let s = 1 - 2. Calculate h(s).
-6
Let g(r) = 1 - 3*r + 0*r**2 + 0*r - r**2. Let n be g(-3). Let y(u) = -u - 1 - n - 3. Calculate y(-4).
-1
Let v(s) = -2*s**3 - s**2 + 2*s - 1. Suppose -2*d + u + 7 = 0, -2*d - 2 = -2*u - 14. Calculate v(d).
-2
Suppose 8*v - 3*v = 45. Suppose -6*w = -2*w + 5*g - v, -31 = 4*w - 3*g. Let a(l) = -2 - l**3 - 5*l**2 - 6*l - 3 + 2*l. What is a(w)?
-5
Let r(w) be the third derivative of w**4/24 - w**3/6 + w**2. Suppose 0 = v + 2*v + 18. Let s = 6 + v. What is r(s)?
-1
Let m be -4 + (4 - (-1 - -1)). Let y(g) = -g**2 + g - 18. Determine y(m).
-18
Let s be 15/13 - 2/13. Let n(q) be the second derivative of 5*q**4/24 + q**2/2 + q. Let k(w) be the first derivative of n(w). Calculate k(s).
5
Suppose 2*x + 5 = -0*x - a, 3*x + 2*a = -5. Let m(h) be the first derivative of 2*h + 1/3*h**3 + 2*h**2 - 1. Calculate m(x).
7
Let h(i) = i + 1. Let v(u) = -7*u - 2. Let p(n) = 6*h(n) + v(n). What is p(3